{"id":2018,"date":"2021-04-21T07:30:10","date_gmt":"2021-04-21T07:30:10","guid":{"rendered":"https:\/\/radwege-hamm.de\/wp\/?page_id=2018"},"modified":"2021-04-21T07:57:33","modified_gmt":"2021-04-21T07:57:33","slug":"3-radlerstammtsich-am-20-04-2021","status":"publish","type":"page","link":"https:\/\/radwege-hamm.de\/wp\/3-radlerstammtsich-am-20-04-2021\/","title":{"rendered":"3. Radlerstammtsich am 20.04.2021"},"content":{"rendered":"\n<p>In Nordrhein-Westfalen hat es in den letzten zwei Jahren in verschiedenen St\u00e4dten sogenannte Radentscheide gegeben, das sind B\u00fcrgerbegehren zur Durchf\u00fchrung eines B\u00fcrgerentscheids.<\/p>\n\n\n\n<p>Zur Einreichung muss ein B\u00fcrgerbegehren die Unterschriften eines bestimmten Anteils aller Stimmberechtigten enthalten, f\u00fcr die Stadt Hamm sind das 5 % der Einwohner. Abstimmen k\u00f6nnen alle wahlberechtigten B\u00fcrgerinnen und B\u00fcrger ab 16 Jahren.<\/p>\n\n\n\n<p>Ein solcher Radentscheid wurde u.a. erfolgreich in Marl durchgef\u00fchrt. Der Initiator des dortigen Radentscheids <strong>Ludger Vortmann<\/strong>, der auch Pressesprecher des ADFC NRW ist, wird auf dem Stammtisch \u00fcber die erfolgreiche Durchf\u00fchrung in Marl berichten.<\/p>\n\n\n\n<h2 class=\"wp-block-heading\">Themen<\/h2>\n\n\n\n<ol class=\"wp-block-list\"><li>Vorstellungsrunde<\/li><li>Vortrag von <strong>Ludger Vortmann<\/strong> zum <strong>Radentscheid Marl<\/strong>. Ludger Vortmann ist der Initiator des erfolgreichen Radentscheids in Marl und inzwischen auch Pressesprecher des ADFC Nordrhein-Westfalen.<\/li><li>Diskussion<\/li><\/ol>\n\n\n\n<h2 class=\"wp-block-heading\">Notizen<\/h2>\n\n\n\n<p><strong>Radentscheid<\/strong><\/p>\n\n\n\n<ul class=\"wp-block-list\"><li><a href=\"https:\/\/www.radentscheid-marl.de\/\">Radentscheid Marl<\/a><\/li><li><a href=\"https:\/\/radwege-hamm.de\/wp\/wp-content\/uploads\/2021\/04\/Radentscheid-Marl.pdf\" target=\"_blank\" rel=\"noreferrer noopener\">Forderungen des Radentscheids Marl <\/a>(PDF)<\/li><li><a href=\"https:\/\/www.marl.de\/rathaus-service\/aktuelles\/news-detailansicht\/news\/radentscheid-marl-stadtrat-stimmt-buergerbegehren-zu\/?tx_news_pi1%5Bcontroller%5D=News&amp;tx_news_pi1%5Baction%5D=detail&amp;cHash=1d6b3a520581878099cfeb45dfd788de\">Stadtrat stimmt B\u00fcrgerbegehren in Marl zu<\/a>\u00a0<\/li><li><a href=\"https:\/\/radwege-hamm.de\/wp\/radentscheide-in-nrw\/\">Radentscheide in NRW<\/a>\u00a0<\/li><li><a href=\"https:\/\/wiki.radwege-hamm.de\/lib\/exe\/fetch.php?media=faq_buergerbeteiligung_2019.pdf\">FAQ B\u00fcrgerbeteiligung<\/a><\/li><\/ul>\n\n\n\n<p><strong>Forum Verkehrswende<\/strong><\/p>\n\n\n\n<ul class=\"wp-block-list\"><li><a href=\"https:\/\/www.youtube.com\/watch?v=gRmpCn5Ec3A\">Youtube-Video vom Forum Verkehrswende<\/a> (<a href=\"https:\/\/www.youtube.com\/watch?v=gRmpCn5Ec3A&amp;t=1705s\">Vortrag Stadtbaurat Mentz ab Min. 28<\/a>)<\/li><\/ul>\n\n\n\n<p><strong>Ideenmelder Hamm<\/strong><\/p>\n\n\n\n<ul class=\"wp-block-list\"><li><a href=\"https:\/\/ideenmelder.adfc-hamm.de\/\">ideenmelder.adfc-hamm.de<\/a><\/li><\/ul>\n\n\n\n<h2 class=\"wp-block-heading\">Chatverlauf<\/h2>\n\n\n\n<ul class=\"wp-block-list\"><li>19:27:31 Uli  : Wie ist die Formel f\u00fcr das Quorum? (Marl = 84.067 Einwohner (per 31.12.2019)Hamm = 179.916 <\/li><li>19:28:11 Walter: 5% der Wahlberechtigten<\/li><li>19:33:15 Von Maike Schmiedecken an Alle : Der Link kann in den Chat\u2026<\/li><li>19:33:42 Uli: Hamm: 136.561 Wahlberechtigte * 5% = 6.828 Stimmen f\u00fcr das Quorum<\/li><li>19:43:51 Ludger : hier noch der Link des Films <a rel=\"noreferrer noopener\" href=\"https:\/\/www.youtube.com\/watch?v=EeZf8PRPaKU\" target=\"_blank\">https:\/\/www.youtube.com\/watch?v=EeZf8PRPaKU<\/a><\/li><li>20:28:07 Von KS: &#8222;Radverkehr unter der Lupe&#8220; w\u00e4re f\u00fcr Hamm auch sch\u00f6n!!!<\/li><li>20:33:16 Ludger: <a rel=\"noreferrer noopener\" href=\"https:\/\/www.land.nrw\/de\/pressemitteilung\/ministerin-scharrenbach-innenstaedte-der-zukunft-sauberkeit-und-sicherheit-werden\" target=\"_blank\">https:\/\/www.land.nrw\/de\/pressemitteilung\/ministerin-scharrenbach-innenstaedte-der-zukunft-sauberkeit-und-sicherheit-werden<\/a><\/li><li>20:34:00 Ludger: Das ist das Ergebnis der Kommunalumfrage NRW aus dem Dez 2020: Bedeutung der Autos wird in NRW Innenst\u00e4dten in den kommenden zehn Jahren verlieren<\/li><li>20:39:59 KS: Danke f\u00fcr Ihren Vortrag Herr Vortmann! Super gute Ideen, tolles Engagement von Ihnen!!!!<\/li><\/ul>\n\n\n\n<p><\/p>\n","protected":false},"excerpt":{"rendered":"<p>In Nordrhein-Westfalen hat es in den letzten zwei Jahren in verschiedenen St\u00e4dten sogenannte Radentscheide gegeben, das sind B\u00fcrgerbegehren zur Durchf\u00fchrung eines B\u00fcrgerentscheids. Zur Einreichung muss ein B\u00fcrgerbegehren die Unterschriften eines bestimmten Anteils aller Stimmberechtigten enthalten, f\u00fcr die Stadt Hamm sind das 5 % der Einwohner. Abstimmen k\u00f6nnen alle wahlberechtigten B\u00fcrgerinnen [&hellip;]<\/p>\n","protected":false},"author":1,"featured_media":0,"parent":0,"menu_order":0,"comment_status":"closed","ping_status":"closed","template":"","meta":{"_EventAllDay":false,"_EventTimezone":"","_EventStartDate":"","_EventEndDate":"","_EventStartDateUTC":"","_EventEndDateUTC":"","_EventShowMap":false,"_EventShowMapLink":false,"_EventURL":"","_EventCost":"","_EventCostDescription":"","_EventCurrencySymbol":"","_EventCurrencyCode":"","_EventCurrencyPosition":"","_EventDateTimeSeparator":"","_EventTimeRangeSeparator":"","_EventOrganizerID":[],"_EventVenueID":[],"_OrganizerEmail":"","_OrganizerPhone":"","_OrganizerWebsite":"","_VenueAddress":"","_VenueCity":"","_VenueCountry":"","_VenueProvince":"","_VenueState":"","_VenueZip":"","_VenuePhone":"","_VenueURL":"","_VenueStateProvince":"","_VenueLat":"","_VenueLng":"","_VenueShowMap":false,"_VenueShowMapLink":false,"_themeisle_gutenberg_block_has_review":false,"footnotes":""},"class_list":["post-2018","page","type-page","status-publish","hentry"],"_links":{"self":[{"href":"https:\/\/radwege-hamm.de\/wp\/wp-json\/wp\/v2\/pages\/2018","targetHints":{"allow":["GET"]}}],"collection":[{"href":"https:\/\/radwege-hamm.de\/wp\/wp-json\/wp\/v2\/pages"}],"about":[{"href":"https:\/\/radwege-hamm.de\/wp\/wp-json\/wp\/v2\/types\/page"}],"author":[{"embeddable":true,"href":"https:\/\/radwege-hamm.de\/wp\/wp-json\/wp\/v2\/users\/1"}],"replies":[{"embeddable":true,"href":"https:\/\/radwege-hamm.de\/wp\/wp-json\/wp\/v2\/comments?post=2018"}],"version-history":[{"count":6,"href":"https:\/\/radwege-hamm.de\/wp\/wp-json\/wp\/v2\/pages\/2018\/revisions"}],"predecessor-version":[{"id":2030,"href":"https:\/\/radwege-hamm.de\/wp\/wp-json\/wp\/v2\/pages\/2018\/revisions\/2030"}],"wp:attachment":[{"href":"https:\/\/radwege-hamm.de\/wp\/wp-json\/wp\/v2\/media?parent=2018"}],"curies":[{"name":"wp","href":"https:\/\/api.w.org\/{rel}","templated":true}]}}

<p>In Nordrhein-Westfalen hat es in den letzten zwei Jahren in verschiedenen Städten sogenannte Radentscheide gegeben, das sind Bürgerbegehren zur Durchführung eines Bürgerentscheids.</p>



<p>Zur Einreichung muss ein Bürgerbegehren die Unterschriften eines bestimmten Anteils aller Stimmberechtigten enthalten, für die Stadt Hamm sind das 5 % der Einwohner. Abstimmen können alle wahlberechtigten Bürgerinnen und Bürger ab 16 Jahren.</p>



<p>Ein solcher Radentscheid wurde u.a. erfolgreich in Marl durchgeführt. Der Initiator des dortigen Radentscheids <strong>Ludger Vortmann</strong>, der auch Pressesprecher des ADFC NRW ist, wird auf dem Stammtisch über die erfolgreiche Durchführung in Marl berichten.</p>



<h2 class="wp-block-heading">Themen</h2>



<ol class="wp-block-list"><li>Vorstellungsrunde</li><li>Vortrag von <strong>Ludger Vortmann</strong> zum <strong>Radentscheid Marl</strong>. Ludger Vortmann ist der Initiator des erfolgreichen Radentscheids in Marl und inzwischen auch Pressesprecher des ADFC Nordrhein-Westfalen.</li><li>Diskussion</li></ol>



<h2 class="wp-block-heading">Notizen</h2>



<p><strong>Radentscheid</strong></p>



<ul class="wp-block-list"><li><a href="https://www.radentscheid-marl.de/">Radentscheid Marl</a></li><li><a href="https://radwege-hamm.de/wp/wp-content/uploads/2021/04/Radentscheid-Marl.pdf" target="_blank" rel="noreferrer noopener">Forderungen des Radentscheids Marl </a>(PDF)</li><li><a href="https://www.marl.de/rathaus-service/aktuelles/news-detailansicht/news/radentscheid-marl-stadtrat-stimmt-buergerbegehren-zu/?tx_news_pi1%5Bcontroller%5D=News&amp;tx_news_pi1%5Baction%5D=detail&amp;cHash=1d6b3a520581878099cfeb45dfd788de">Stadtrat stimmt Bürgerbegehren in Marl zu</a> </li><li><a href="https://radwege-hamm.de/wp/radentscheide-in-nrw/">Radentscheide in NRW</a> </li><li><a href="https://wiki.radwege-hamm.de/lib/exe/fetch.php?media=faq_buergerbeteiligung_2019.pdf">FAQ Bürgerbeteiligung</a></li></ul>



<p><strong>Forum Verkehrswende</strong></p>



<ul class="wp-block-list"><li><a href="https://www.youtube.com/watch?v=gRmpCn5Ec3A">Youtube-Video vom Forum Verkehrswende</a> (<a href="https://www.youtube.com/watch?v=gRmpCn5Ec3A&amp;t=1705s">Vortrag Stadtbaurat Mentz ab Min. 28</a>)</li></ul>



<p><strong>Ideenmelder Hamm</strong></p>



<ul class="wp-block-list"><li><a href="https://ideenmelder.adfc-hamm.de/">ideenmelder.adfc-hamm.de</a></li></ul>



<h2 class="wp-block-heading">Chatverlauf</h2>



<ul class="wp-block-list"><li>19:27:31 Uli  : Wie ist die Formel für das Quorum? (Marl = 84.067 Einwohner (per 31.12.2019)Hamm = 179.916 </li><li>19:28:11 Walter: 5% der Wahlberechtigten</li><li>19:33:15 Von Maike Schmiedecken an Alle : Der Link kann in den Chat…</li><li>19:33:42 Uli: Hamm: 136.561 Wahlberechtigte * 5% = 6.828 Stimmen für das Quorum</li><li>19:43:51 Ludger : hier noch der Link des Films <a rel="noreferrer noopener" href="https://www.youtube.com/watch?v=EeZf8PRPaKU" target="_blank">https://www.youtube.com/watch?v=EeZf8PRPaKU</a></li><li>20:28:07 Von KS: &#8222;Radverkehr unter der Lupe&#8220; wäre für Hamm auch schön!!!</li><li>20:33:16 Ludger: <a rel="noreferrer noopener" href="https://www.land.nrw/de/pressemitteilung/ministerin-scharrenbach-innenstaedte-der-zukunft-sauberkeit-und-sicherheit-werden" target="_blank">https://www.land.nrw/de/pressemitteilung/ministerin-scharrenbach-innenstaedte-der-zukunft-sauberkeit-und-sicherheit-werden</a></li><li>20:34:00 Ludger: Das ist das Ergebnis der Kommunalumfrage NRW aus dem Dez 2020: Bedeutung der Autos wird in NRW Innenstädten in den kommenden zehn Jahren verlieren</li><li>20:39:59 KS: Danke für Ihren Vortrag Herr Vortmann! Super gute Ideen, tolles Engagement von Ihnen!!!!</li></ul>



<p></p>

<p>In Nordrhein-Westfalen hat es in den letzten zwei Jahren in verschiedenen Städten sogenannte Radentscheide gegeben, das sind Bürgerbegehren zur Durchführung eines Bürgerentscheids. Zur Einreichung muss ein Bürgerbegehren die Unterschriften eines bestimmten Anteils aller Stimmberechtigten enthalten, für die Stadt Hamm sind das 5 % der Einwohner. Abstimmen können alle wahlberechtigten Bürgerinnen [&hellip;]</p>
